(b) + 7*r(b). Give h(4).
5
Let p(k) be the third derivative of -k**6/120 + 2*k**5/15 - 11*k**4/24 - 5*k**3/6 - 1338*k**2. Calculate p(5).
15
Suppose -2*b - 12 = -2. Let v(j) = -155*j**3 + 23*j**2 - 3*j + 5. Let n(l) = -49*l**3 + 7*l**2 - l + 1. Let x(u) = 19*n(u) - 6*v(u). Calculate x(b).
-6
Let g(p) be the third derivative of 3*p**4/2 - 76*p**3/3 + 5*p**2 + 18*p + 11. What is g(4)?
-8
Let d(b) = -2*b + 3. Suppose -3*a + 798 = -3*h, 4*a + 18*h - 1091 = 13*h. Let o = a - 267. Give d(o).
-1
Let l = 1187 - 1189. Let n(h) = -2*h**3 + h**2 + 4*h - 1. Determine n(l).
11
Let r(j) = -7 + 7*j - j**2 - 18*j - 10. Let x be r(-5). Let n = x - 9. Let w(p) = p**3 - 3*p**2 - 4*p - 3. Give w(n).
-3
Let u(s) = s**2 - 16*s - 15. Let h be u(16). Let p(g) = g**2 + 17*g + 45. Calculate p(h).
15
Let z(m) = m + 1. Suppose -41*g + 1465 + 216 = 0. Let s(w) = 2*w - 72. Let y be s(g). Give z(y).
11
Let g be 20/10*(-14)/(-4). Suppose r + 8 = -g*r. Let o(w) = 4*w**3 + w**2 - 1. Calculate o(r).
-4
Let w(p) = 2*p**3 - 38*p**2 + 179*p + 15. Let v be w(10). Let c(l) = -l**3 + 7*l**2 - 9*l + 2. What is c(v)?
7
Let j(s) = s**2 + s. Let p(k) = 6*k**2 + 10*k + 3. Let b(o) = -5*j(o) + p(o). Let r = -208 - -211. Let h = -1 - r. Determine b(h).
-1
Suppose 6*v - 12 = 9*v, v = 2*p. Let a(q) = -4*q**3 + 3*q**2 - 6*q + 2. Let i(s) = 3*s**3 - 3*s**2 + 5*s - 2. Let f(w) = -4*a(w) - 5*i(w). Give f(p).
8
Let n(y) be the second derivative of y**5/20 - y**4/2 + y**3/3 + y**2 - 53634*y + 3. Let p = -4 - -8. Determine n(p).
-22
Let z(c) = -2*c**2 - 44*c + 15. Let g be z(-22). Suppose 5*w = 5*d - g, -9 = d + 5*w - 0*w. Let k(y) = 3*y - 2. What is k(d)?
1
Let n = -71 - -77. Let d(p) be the first derivative of -p**2/2 + 6*p + 29. What is d(n)?
0
Let r(l) = -l**2 + 25*l - 18. Let k be -2 + (-31)/(93/(-30)) - -2. Calculate r(k).
132
Let u(q) = 19*q + 18. Let d(n) = -22*n - 20. Suppose 0 = -14*k - 44 - 40. Let a(v) = k*d(v) - 7*u(v). What is a(-12)?
6
Let k(v) = -v**2 + 4*v + 7. Suppose 0 = -3*z - 3, -c + 5*z + 15 = -0*c. Suppose c*o + 2*q = 7*o + 20, 2*o = 4*q + 8. Determine k(o).
-5
Suppose 253*l + 4081 = 286. Let j(t) = -46*t - 686. Determine j(l).
4
Let w(j) be the third derivative of j**5/60 - j**4/24 - 3*j**3 - 4*j**2. Let l(f) = -f + 31. Let p be l(11). Suppose -5*t = p*t. Calculate w(t).
-18
Let k(a) = -a**2 + 5*a + 6. Suppose 30 = 2*d - 0. Let v(q) = d + 1 + 25 - 3*q - q. Let l be v(9). What is k(l)?
6
Suppose 2*y = -0*v + 4*v + 278, 0 = 5*v + 25. Suppose -159 - y = 36*k. Let b(s) = s**3 + 7*s**2 - 10*s - 8. What is b(k)?
8
Suppose 0 = 2*t - 2 + 4, -3*q = t + 19. Let w be (1 - q)/((-2)/14). Let j be 132/14 + 21/w. Let c(v) = -v**2 + 9*v - 5. Calculate c(j).
-5
Let v be (-95)/(-15) + (-8)/6. Let n be 2/(-4)*(-2 + 8)*-4. Suppose 3*g - 24 = v*k - 2*k, -4*k = n. Let r(o) = -2*o**2 + 5*o + 7. Determine r(g).
-18
Let o(d) = -d**3 + 5*d**2 - 4*d + 8. Let h be o(4). Suppose -2*l = -h*l - 12. Let w(x) = -x**2 - x - 1. Give w(l).
-3
Let x(y) be the second derivative of -y**3/6 + 2*y**2 - 302*y. Let n = -114 + 120. Give x(n).
-2
Let b(h) be the third derivative of -86*h**2 + 0*h + 0 + 1/2*h**3 - 1/3*h**4 - 1/60*h**5. Give b(-8).
3
Let k(i) be the first derivative of -9*i**2/2 - 2*i + 381. Determine k(-2).
16
Let x(b) = b**2 + 18*b + 3. Let n(h) = 2*h**2 + 10*h + 6. Let l(v) = 2*n(v) - 2*x(v). Let j(k) = k**3 + k**2 - k + 8. Let a be j(0). What is l(a)?
6
Let y(o) = -o**3 - 2*o**2 + 2*o + 2. Let n(t) = t**2 + 6*t + 4. Let a be n(-8). Suppose 6*v = 2 + 10. Suppose -v*k = -a + 26. What is y(k)?
5
Let n(u) = -34 + 11*u - 81 + 105 - 75. Calculate n(9).
14
Let p be (-2)/(13 - 182/13). Let o(n) be the second derivative of 1/20*n**5 + 0 - 1/6*n**4 + 28*n - n**p + 5/6*n**3. Calculate o(3).
22
Suppose 7 - 2 = 5*z. Let k(p) be the second derivative of -23*p**6/720 + p**5/120 - 13*p**4/4 + 180*p. Let c(d) be the third derivative of k(d). What is c(z)?
-22
Let t(w) = -2*w. Let h(x) = 9*x + 4. Let a(v) = h(v) + 4*t(v). Let o = 5 + 1. Give a(o).
10
Let t be 46/14 - (-164)/(-574). Let w(q) = 3710*q**3 + 3705*q**3 + 6 + 4*q**2 - 7416*q**t + 6*q. Let h = 18 + -13. Calculate w(h).
11
Let d(k) = k**2 + 28. Let m be 2/13 + (38/(-513) - 9561/1053). Determine d(m).
109
Let a(u) = -u**2 + 30*u - 31. Let r(f) = -f**2 + 135*f - 1557. Let t be r(13). Give a(t).
-2
Let m(z) = -35*z**3 - 9*z**2 + 16*z + 24. Let k(v) = 12*v**3 - v**2 - 2*v - 1. Let r(h) = -3*k(h) - m(h). Give r(11).
-10
Suppose 0 = 77*d - 74*d. Suppose 0 = -6*j - d*j - j. Let b(r) = -r - 1. Let z(h) = -h**2 + 4*h + 11. Let x(o) = 4*b(o) + z(o). Determine x(j).
7
Let k(z) = -z**2 + 2*z - z - 6 + 2*z**2. Let d = -87449 - -87449. What is k(d)?
-6
Let j be 376/28 + -13 - -2*30/7. Let w(z) = 13*z - 121. Determine w(j).
-4
Let c(d) = -5*d - 101*d**2 + 4 + 89*d**2 - 1 - d**3 - 5*d. Let y be c(-10). Let r = 96 + y. Let w(f) = 6*f. Determine w(r).
-6
Suppose 0 = -36*x - 48*x + 168. Let q(f) = f**2 + 1. Let g(l) be the first derivative of -5*l**3/3 - l**2/2 - 5*l - 1. Let i(t) = -g(t) - 6*q(t). What is i(x)?
-3
Let u(n) = n**3 + 12*n**2 - 5*n - 30. Let p be u(-12). Let c(j) = -p - j + 62 - 50. What is c(-11)?
-7
Let u(j) = -1 - 21*j**2 + 22*j**2 - 5 - 4 + 14*j. Determine u(-10).
-50
Let p(k) = -2*k**2 - 1183 + 1055 - k**2 - 27*k + 2*k**2. Calculate p(-21).
-2
Let o be (-1620)/(-972)*(-1 - 34/(-10)). Let v(l) = -l**3 + 4*l**2 + 10. Determine v(o).
10
Let g(y) = -19*y + 60. Let v(u) = -3*u - 1. Let n(i) = -g(i) + 8*v(i). Give n(-13).
-3
Let g be (0 + 10)*-3*(-6)/45. Let u(v) = -v - 136*v**2 + 123*v**2 + 3*v + 5 - g. Give u(-1).
-14
Let s(f) = -4 + 24 - 14 + 0*f**2 + 9*f - 12 + f**2. What is s(0)?
-6
Let z(i) = -i**3 - 23*i**2 - 31*i - 205. Suppose -2785 = -36*c + 7*c - 3423. Give z(c).
-7
Let z(c) = 14*c + 305. Let f = -3885 - -3863. What is z(f)?
-3
Let b(n) = 2*n**2 + 56*n + 59. Let q(z) = -2*z**2 - 111*z - 82. Let w be q(-55). Give b(w).
5
Let u be ((-2016)/60)/(-1*6/40). Suppose 20*k - 28*k + u = 0. Let i = k - 29. Let c(z) = -13*z - 1. Give c(i).
12
Let c(z) be the second derivative of -25*z**3/6 - 403*z**2/2 - 6*z + 163. Calculate c(-16).
-3
Let k(o) = o**3 - 3*o - 6. Let y be k(2). Let s be 2/((-2 - -4) + y) + 6. Let c(p) = -p**2 + 2*p + 5. Calculate c(s).
-10
Suppose -2*t + 2*b = -29 + 27, -2 = t - 2*b. Let y(x) be the second derivative of 0 + 2*x - 1/6*x**3 + 5/2*x**2. Give y(t).
1
Let o(g) = g**3 + 9*g**2 + 12*g + 11. Let m be 12/10*(-1120)/(-64). Suppose 0 = -3*h - d - m, 2*h - 2*d = 4 - 26. Calculate o(h).
-21
Let s(y) = -83*y**2 + 4*y + 121*y**3 - 126*y**3 + 84*y**2 + 2. Calculate s(-1).
4
Let l(a) = 74*a**3 + 9*a**2 - 73*a**3 - 11*a - 105 + 94. Calculate l(-10).
-1
Suppose -80 = 40*n + 120. Let l(g) = -2*g**3 - 10*g**2 + 5*g - 2. Determine l(n).
-27
Let f(o) = -2*o**3 - o**2 - o + 5. Let j(h) = -h**2 - 12*h + 162. Let m be j(8). Determine f(m).
-17
Let a = -31 - -40. Suppose 35 = 2*i + a. Let p(x) = 12*x + 6*x**2 - 23*x + 1 + i*x. Determine p(-1).
5
Let g(k) be the second derivative of -13*k**7/840 + k**6/360 - k**5/60 + k**4/24 - k**3/2 + 53*k. Let j(x) be the second derivative of g(x). Give j(1).
-13
Let f = 6232 + -6228. Let x(j) = 2*j + 20. Give x(f).
28
Let k(j) be the third derivative of -13*j**4/8 - 155*j**3/6 + 2133*j**2. Determine k(-4).
1
Let t(c) = -22*c + 188. Let y = -32063 - -32072. Determine t(y).
-10
Suppose 3364 - 3375 = -c. Let l(g) = -g**3 + 13*g**2 - 21*g + 7. Calculate l(c).
18
Let z(l) be the third derivative of l**5/60 + l**4/24 + 13*l**3/6 - 7*l**2 + 96*l. What is z(0)?
13
Let s(q) be the second derivative of -q**4/12 - 3*q**3/2 - 17*q**2/2 - 1960*q. What is s(-8)?
-9
Let a(s) = -96*s**3 - 2*s - 30 - 17 + 45 - 89*s**2 + 90*s**2. Calculate a(-1).
97
Let j(o) = 2*o**3 + 55*o**2 + 2510368 + 20*o - 16*o**2 - 2510342. Determine j(-19).
7
Let o(d) = -10*d + 8. Let g(c) = 13*c**2 - 7*c - 9. Let m be g(-4). Suppose -m*w = -228*w + 6. Give o(w).
-52
Let o = 67 - 65. Suppose 3*m - 2*i = 34, 0*i - o*i + 36 = 4*m. Let v(j) = -2*j - 12*j**2 + m*j**2 - 1 + 0*j. Determine v(-3).
-13
Let r be (2 + 0 - 1)/(-1). Let f(m) be the first derivative of -m**2 - 344 + 301 + 0*m**2. What is f(r)?
2
Let r(q) = q**3 - 6*q**2 + q - 3. Let o(m) = -75*m - 34. Let t(j) = 220*j + 103. Let k(x) = -17*o(x) - 6*t(x). Let p be k(-1). What is r(p)?
-23
Let l(v) = -349*v +